)/((-3)/20). Suppose n + l*n + 11 = 4*k, 0 = 5*k - 5*n - v. What are the prime factors of k?
3
Suppose 4*f + 5*o + 12 = 0, -o - 18 = -3*f + 2*o. Suppose 0*a = a - f. List the prime factors of a.
2
List the prime factors of (9 - (0 - 3))*1.
2, 3
Suppose 8 = 2*j + c, -17 = -5*j - 4*c + 9. Let s = j - -3. List the prime factors of s.
5
Let x be -1 - -3 - 122*1. List the prime factors of (1/(-3))/(8/x).
5
Let x(u) = -10*u - 51. What are the prime factors of x(-19)?
139
Let w = -38 - -66. List the prime factors of w.
2, 7
Let n = 28 - 23. Suppose -6 + 61 = n*k. What are the prime factors of k?
11
Suppose 8*m - 3*m = 0. Let t(b) = -b**2 - b + 11. List the prime factors of t(m).
11
Suppose -12 = 4*d + 4*k, 2*d = -d - 5*k - 15. Let f be (-1)/4 + (-3 - (-27)/12). List the prime factors of d + f + 1 + 8.
2
Let q(z) = 6*z - 1. Suppose 4*s = 1 + 3. What are the prime factors of q(s)?
5
Suppose 0*r = -5*r + 185. Let p(l) = -2*l**2 - l. Let m be p(3). Let o = r + m. What are the prime factors of o?
2
Let b be (-3 + 2)/((-1)/2). Suppose -3*r - 4*p + 20 = b*r, -r = -3*p - 4. Suppose z = r*z - 39. List the prime factors of z.
13
Let j(l) = l**3 + 5*l**2. Let q be j(-5). Let v = q + -2. What are the prime factors of (-4)/(((-6)/v)/(-6))?
2
Suppose 4*k + i - 285 = 0, -3*k + 0*i + 185 = -5*i. What are the prime factors of k?
2, 5, 7
Suppose -5*b + 451 + 369 = 0. What are the prime factors of b?
2, 41
Let g(k) = -15*k - 29. What are the prime factors of g(-10)?
11
Let z = 374 - 174. List the prime factors of z.
2, 5
Let q = 15 + -13. What are the prime factors of (-100)/(-2) - (-2 + q)?
2, 5
Suppose 0 = t + 2*t - 144. Let l = -33 + t. List the prime factors of l.
3, 5
Let i = 4 - -17. Suppose 5*o = 3*t + 43, -5*t = -3*o + 66 - 5. Let d = t + i. What are the prime factors of d?
2, 5
Suppose -3*u + 5*u + 14 = 0. Let a = 13 + u. Suppose -h - a = -2*h + r, 0 = 3*h + 4*r - 11. List the prime factors of h.
5
Suppose -4*g + 9 = -g. Suppose 0 = g*a - 0*a. Suppose -3*c = -n - 0*n + 7, 3*n - 4*c - 16 = a. List the prime factors of n.
2
Let g be 16/2*3/6. Suppose 25 = 5*n + 3*l, 16 = g*n + 2*l - 4. Suppose 0*p + 45 = n*p. What are the prime factors of p?
3
Suppose -18 = 2*x + 4*o, 5*o = -5*x + 2*x - 27. What are the prime factors of (x + 4)/((-1)/1)?
5
Let s = 3 + 3. Let u(r) = -r**2 + 5*r + 3. Let p be u(s). Let b = p + 8. What are the prime factors of b?
5
Suppose 3*t = -3*z + 6, 4*t + 2*z - 3*z = -12. Let f = -4 - t. List the prime factors of 5 - f*1/2.
2, 3
Let d = 22 - 32. Let m(q) = -q**2 + 11*q - 3. Let a be m(7). What are the prime factors of 10/a - 46/d?
5
Let n(t) = t**2 + t + 11. Let h be n(0). Let x = 20 - h. What are the prime factors of x?
3
Let g = 8 + -6. Suppose 4*t - 20 = -g*c, -6*t + c = -t - 18. Let r = t - -1. List the prime factors of r.
5
Let b(f) = 10*f**2 + 8*f + 4. List the prime factors of b(-6).
2, 79
Let u(g) be the third derivative of -g**6/120 + 2*g**5/15 - g**4/4 + g**3/6 + 3*g**2. Let j be u(7). Suppose 2*p + 0 = j. What are the prime factors of p?
2
Suppose -19 = -p + 3. Let i = p + -51. Let x = -14 - i. What are the prime factors of x?
3, 5
Suppose -l = -2*y + 121 + 38, -236 = -3*y + 4*l. What are the prime factors of y?
2, 5
Suppose 5*x - 4 = -14. Let t be (3 + 2 + x)*1. Suppose 2*g + 2*l - 17 - t = 0, -4*l = 4. What are the prime factors of g?
11
Let l(i) = -i**2 - 7*i + 1. Suppose 0 = -z + 3*u - 2 - 7, -4*z - 23 = u. Let f = -12 - z. List the prime factors of l(f).
7
Suppose 4*v + 12 - 68 = 0. What are the prime factors of (v - 8)*(3 - -1)?
2, 3
Let j(p) = -p**2 + 21*p + 16. List the prime factors of j(19).
2, 3
Suppose -3*d - f + 4 = -6*f, -2*f + 11 = 3*d. Suppose 0 = 4*k - 9 - d. List the prime factors of k.
3
Suppose 0 = -0*l + 2*l - 4. Suppose 0 = -4*t + 5*g + 89, 0 = -l*t + 6*t - 3*g - 79. What are the prime factors of t?
2
Let z be (-2 - -3)*(8 - 1). Let w(f) be the first derivative of f**3/3 - 3*f**2 - 4*f - 1. List the prime factors of w(z).
3
What are the prime factors of (-3)/7 - 132/(-14)?
3
Suppose -i + 4*v - 13 = 0, -4*i - 65 = 4*v - 7*v. Let a = 52 + i. List the prime factors of a.
5, 7
Suppose 45 = 5*j + 5. What are the prime factors of j?
2
Suppose -c = -0*c - 5. Suppose 16 = c*f - 3*f. Let w = 13 - f. What are the prime factors of w?
5
Suppose -5*f + 381 = -2*h, -4*h - 81 = -f - 2*h. List the prime factors of f.
3, 5
Suppose -3*t + 0*t + 63 = 0. Suppose 5*y - 34 = t. List the prime factors of y.
11
Let w(c) = 2*c**3 + c**2 - 4*c + 3. Let n(d) = d**3 + 6*d**2 + 5*d + 2. Let u be n(-5). Let t be w(u). Let v = t + -5. What are the prime factors of v?
2, 5
Suppose -x = -5*w - 30, 4*w = -w - 25. Let g(t) = t + 12. What are the prime factors of g(x)?
17
Let u(c) = 7*c**2 + 5*c + 5. List the prime factors of u(-1).
7
Let i be (-3)/((-5)/((-140)/3)). Let s = i + 43. What are the prime factors of s?
3, 5
Suppose a = -3*y + 84, 0 = -y + 5*y - a - 112. Let o = -29 + 14. Let i = o + y. List the prime factors of i.
13
Let s(i) = 3*i**3 - i**2 + 1. Let h be s(1). Suppose 34 + 5 = h*o. List the prime factors of o.
13
What are the prime factors of ((-306)/(-12))/((-3)/(-4))?
2, 17
Suppose -4 = -0*w - 2*w. Suppose w*a = 4*a - 8. Let r(b) = b**3 - 4*b**2 + 2*b. What are the prime factors of r(a)?
2
Let n(w) = 4*w**2 + 2*w - 13. What are the prime factors of n(-8)?
227
Let w(a) = a**3 - 3*a**2 - 13*a - 11. List the prime factors of w(7).
2, 47
Let o = -69 - -131. Suppose -4*i - 2 = -o. What are the prime factors of i?
3, 5
Let g be -12*(42/(-4))/3. Suppose -4*s - 10 + g = 0. Suppose 2*h + 2*h = s. List the prime factors of h.
2
Let y be (-38)/(-10) - (-1)/5. Suppose 0 = 2*w + 4*n + 20, y*n + 0*n - 12 = 2*w. Let g = 2 - w. What are the prime factors of g?
2, 5
Let h(i) = -14*i. Let v be ((-30)/40)/(2/(-8)). Suppose 5*j = v*j - 2. What are the prime factors of h(j)?
2, 7
Suppose 4*l = -8, 5*d + l - 32 = 2*l. Suppose d*k - 2*k = w - 65, -k = 5*w - 388. Suppose -3*f - 29 = -w. List the prime factors of f.
2
Let d(c) = c**2 + 4*c + 5. Suppose -5*l + 19 = -6. Let q be d(l). What are the prime factors of ((-8)/20)/((-2)/q)?
2, 5
What are the prime factors of (-13 + 1)*184/(-24)?
2, 23
Let o = -5 - -7. Suppose -5*a - v = -o*a - 8, 2*v + 4 = -a. Let l(h) = h**2 - 2*h - 2. What are the prime factors of l(a)?
2, 3
Let z(u) = -4*u. Let s be -6*(-1 - 4/(-6)). Let a be z(s). Let p = a - -13. List the prime factors of p.
5
Suppose 0 = i + 4*i - 95. Suppose 5*s + i + 1 = 0, -4*j + 20 = -s. What are the prime factors of -2*(-2)/(j/18)?
2, 3
Let q = 0 + -5. Let l = q + 10. What are the prime factors of (-2)/(-5) + 43/l?
3
Let k = -12 + 13. Let l = k + 5. What are the prime factors of l?
2, 3
Suppose -5*j - i + 696 = 0, -4*j - 5*i + 422 = -j. What are the prime factors of j?
139
Let c be -10*1*(-1)/(-2). Let n be ((-4)/c)/(5/125). List the prime factors of (-1)/3 - n/(-6).
3
Suppose -4*q - 8 + 84 = 0. What are the prime factors of q?
19
Suppose 3*p + 2*p = 0. Suppose p*h = -h + 2. Suppose 5*f + w - 48 = 6, h*f - 3*w - 8 = 0. List the prime factors of f.
2, 5
Suppose -5*q - 2*s + 33 = 11, 2*s = 2*q - 6. Suppose q*r = 6*r - 20. Suppose 3*d + r = 8*d. List the prime factors of d.
2
Let q = 47 - -50. Suppose 3*d + 50 = 4*t - 20, 5*t = -d + q. Let z = t + -2. List the prime factors of z.
17
Let u = 344 - 195. List the prime factors of u.
149
Let v be 4/(-6)*27/(-6). List the prime factors of ((-4)/v)/((-8)/12).
2
Suppose d = 57 - 5. List the prime factors of d.
2, 13
Suppose -3*g = -0*g - 9. Let y = g - -4. List the prime factors of y.
7
Let f(q) be the third derivative of q**6/120 + q**5/10 + q**4/6 - q**3/3 + 2*q**2. List the prime factors of f(-5).
3
Let t(v) = -28*v**2 - 1. Let f be t(-1). Let q = f - -8. Let g = -6 - q. What are the prime factors of g?
3, 5
Suppose 3*m + o - 2*o = 626, 25 = -5*o. List the prime factors of m.
3, 23
Let u(c) = 2*c + 15. Let k be u(-11). Let n(f) = 8*f**2 - 38*f - 19. Let d(m) = -3*m**2 + 13*m + 6. Let y(s) = 11*d(s) + 4*n(s). List the prime factors of y(k).
2
Let c(i) be the first derivative of i**3/3 + i**2/2 + 4*i - 1. What are the prime factors of c(-3)?
2, 5
Suppose -88 = -9*i + 8*i. List the prime factors of i/12 + (-3)/9.
7
Suppose 4*s - s + 24 = 3*q, 24 = 3*q - s. Suppose 11 = -3*m + 5*m - n, -2*m - n = -5. Suppose